etermine z(-3).
-63
Let p(j) = -5*j - 44. Determine p(-5).
-19
Let r(x) = -4*x**3 - 21*x + 21. Determine r(1).
-4
Let u(l) = -l**3 - 8*l**2 + 109*l + 733. Determine u(-6).
7
Let p(g) = 4*g**3 + 35*g**2 - 39*g - 272. What is p(-9)?
-2
Let u(f) = 21*f + 4. What is u(-2)?
-38
Let u(t) = -10*t**3 - 137*t**2 + 26*t + 3. Determine u(-14).
227
Let x(a) = -30*a - 171. Calculate x(-7).
39
Let w(d) = -50*d**2 - 81*d + 1. Determine w(-2).
-37
Let v(t) = t**3 - 16*t**2 - 31*t + 16. What is v(18)?
106
Let q(f) = 5*f**2 - 114*f + 192. Calculate q(21).
3
Let w(g) = -74*g - 7. Give w(-3).
215
Let f(q) = 168*q**3 - 4*q**2 + 2*q + 5. Calculate f(-1).
-169
Let j(d) = -65*d**3 - d**2 - 4*d - 6. Give j(-2).
518
Let p(o) = -5*o**3 - 9*o**2 - 10*o - 17. Calculate p(-2).
7
Let l(b) = 3*b**3 + 39*b**2 + 159*b + 1477. What is l(-12)?
1
Let v(f) = f**3 - 15*f**2 + f + 266. Give v(0).
266
Let y(h) = 71*h**2 - 281*h. Give y(4).
12
Let q(k) = 54*k + 2459. Calculate q(-46).
-25
Let z(g) = -g**2 + 115*g - 1328. Calculate z(13).
-2
Let n(c) = 53*c + 11. Calculate n(3).
170
Let m(l) = l**3 - 33*l**2 - 6*l + 94. Determine m(33).
-104
Let i(w) = 2*w**2 + 19*w + 56. Determine i(-5).
11
Let z(n) = -2*n**2 - 325*n + 25019. What is z(57)?
-4
Let p(i) = -15*i**3 - 21*i**2 - 12*i + 8. Give p(-1).
14
Let k(z) = -1238*z**2 - 2469*z + 9. What is k(-2)?
-5
Let f(w) = w**2 - 43*w + 308. Determine f(8).
28
Let r(u) = 711*u - 715. Calculate r(1).
-4
Let t(z) = -98*z - 1168. What is t(-12)?
8
Let i(z) = z**2 + 5*z - 9. Give i(0).
-9
Let d(k) = -22*k + 1050. Give d(35).
280
Let j(m) = 2700*m - 13498. Give j(5).
2
Let p(z) = 4*z**3 - 548*z**2 - 15*z + 2073. What is p(137)?
18
Let p(f) = 36*f - 2448. Give p(68).
0
Let j(y) = -18*y - 61. Determine j(0).
-61
Let q(i) = 5*i**3 + 72*i**2 + i - 368. What is q(-14)?
10
Let h(s) = -s**3 + 7*s**2 - 5*s + 115. Calculate h(8).
11
Let u(n) = -1296*n + 53137. What is u(41)?
1
Let o(q) = -430*q + 8181. Determine o(19).
11
Let z(g) = 98*g + 8421. Determine z(-86).
-7
Let n(t) = -2*t**3 + 37*t**2 + 105*t + 21. What is n(21)?
21
Let y(g) = -g**3 + 52*g**2 - 26*g - 1095. What is y(51)?
180
Let v(z) = 16*z**3 - 305*z**2 + 20*z - 18. Calculate v(19).
1
Let o(y) = 3267*y + 29404. What is o(-9)?
1
Let p(m) = -9*m - 245. Calculate p(-27).
-2
Let d(j) = -2*j**2 + 52*j - 295. Calculate d(17).
11
Let w(b) = -33*b - 319. Calculate w(0).
-319
Let g(o) = -o**3 - 37*o**2 - 128*o + 135. What is g(-33)?
3
Let b(c) = 22*c + 299. What is b(-13)?
13
Let t(p) = -p**2 + 99*p - 1765. Give t(62).
529
Let o(n) = n**3 + 32*n**2 + 135*n - 3. Determine o(-27).
-3
Let p(g) = 10*g + 94. Determine p(-5).
44
Let g(f) = 5*f**2 - 418*f + 663. Give g(82).
7
Let j(s) = 97*s**2 - 2*s + 3. Calculate j(1).
98
Let o(b) = -b**3 + 11*b**2 - 7*b - 36. What is o(8)?
100
Let q(x) = 2*x**2 - 23*x + 460. What is q(22)?
922
Let w(h) = h**3 - 9*h**2 - 39*h. Give w(11).
-187
Let h(s) = 4*s + 101. What is h(-24)?
5
Let w(n) = 262*n**2 - 26*n + 26. Give w(1).
262
Let b(v) = -26*v**3 + 4*v**2 - 12*v - 13. Determine b(-1).
29
Let r(u) = 2*u**2 - 9*u - 269. Determine r(0).
-269
Let j(x) = x**3 - 42*x**2 - 93*x + 3906. Calculate j(42).
0
Let i(n) = 2*n**2 - 18*n + 188. Calculate i(24).
908
Let c(a) = -14*a - 126. What is c(-22)?
182
Let a(d) = -3659*d + 40292. What is a(11)?
43
Let d(h) = 82*h**2 + 4*h. What is d(1)?
86
Let p(a) = 6336*a - 57017. Calculate p(9).
7
Let p(s) = s**3 - 334*s**2 + 8570*s - 33. Calculate p(28).
23
Let x(r) = -50*r**2 + 269*r + 25. Give x(5).
120
Let m(q) = -4*q - 8. What is m(-31)?
116
Let g(c) = 12*c**2 - 19*c + 29. Determine g(2).
39
Let q(c) = 14*c - 628. Calculate q(39).
-82
Let y(d) = 7*d**2 - 16*d + 17. Give y(7).
248
Let q(s) = -20*s - 2. What is q(0)?
-2
Let d(k) = -k**3 + 20*k**2 - k + 9. What is d(20)?
-11
Let s(y) = -2*y**2 - 19*y + 72. Determine s(-5).
117
Let q(c) = c**3 + 79*c**2 - 245*c. Calculate q(-82).
-82
Let q(l) = -20*l - 168. Determine q(-10).
32
Let t(z) = -2*z + 113. What is t(14)?
85
Let k(f) = 95*f + 621. Give k(-7).
-44
Let o(b) = -b**3 - 12*b**2 + 6*b + 29. Calculate o(-12).
-43
Let d(w) = 2775*w - 44394. Give d(16).
6
Let d(i) = -6*i**3 + 107*i**2 + 22*i + 13. Give d(18).
85
Let b(r) = -r**3 - 9*r**2 + 10*r + 25. Determine b(-10).
25
Let f(g) = 6*g**2 - 2*g + 14. Determine f(5).
154
Let w(g) = -g**3 + 27*g**2 + 131*g - 223. Determine w(31).
-6
Let m(p) = -p**3 + 11*p**2 - 23*p + 7. Calculate m(9).
-38
Let q(u) = u**3 + 8*u**2 - 3*u + 14. Give q(-9).
-40
Let l(d) = 25*d**2 - 7*d + 33. Determine l(3).
237
Let g(k) = -k**3 + 75*k**2 - 298*k + 1023. Give g(71).
29
Let l(w) = w**3 - 6*w**2 + 136*w - 836. Calculate l(6).
-20
Let k(o) = -o**3 + 31*o**2 - 85*o + 921. Determine k(29).
138
Let p(w) = 23*w - 21. Give p(1).
2
Let v(t) = 2*t**3 - 38*t**2 - 68. Give v(19).
-68
Let p(h) = -123*h - 560. Determine p(-6).
178
Let g(f) = -14*f**3 + 8*f**2 - 10*f - 6. What is g(3)?
-342
Let l(p) = 5*p**2 - 49*p + 106. Determine l(4).
-10
Let l(i) = 47*i**2 - 544*i - 30. What is l(12)?
210
Let n(x) = -627*x + 35099. Calculate n(56).
-13
Let y(l) = l**3 - 215*l**2 + 10*l - 2148. Give y(215).
2
Let s(k) = -2*k**3 - 5*k**2 + 6*k + 10. Calculate s(-2).
-6
Let c(p) = p**3 - 37*p**2 + 35*p + 32. Calculate c(36).
-4
Let h(i) = 198*i - 3159. Determine h(16).
9
Let j(l) = 3*l - 46. Calculate j(0).
-46
Let d(w) = -w**3 + 24*w**2 - 3*w + 71. What is d(24)?
-1
Let c(v) = 36*v - 541. Determine c(17).
71
Let w(x) = -26*x - 393. Determine w(-15).
-3
Let p(i) = -2*i**3 - 2*i**2 + 22*i + 7. Calculate p(3).
1
Let n(q) = -4*q**2 + 198*q + 353. Give n(51).
47
Let x(h) = -888*h - 123. Determine x(0).
-123
Let l(z) = 10*z**3 + 5*z**2 - 14*z + 36. Calculate l(3).
309
Let l(v) = -v**3 - 105*v**2 + 858*v + 8298. Determine l(-112).
10
Let o(m) = 3*m**3 - 49*m**2 + 32*m - 9. What is o(16)?
247
Let h(d) = d**2 + 18*d - 52. Give h(-20).
-12
Let b(h) = h**3 - 14*h**2 + h - 239. Give b(15).
1
Let y(v) = -4*v**2 - 44*v - 86. Give y(-5).
34
Let t(s) = 6*s + 100. Determine t(-29).
-74
Let j(n) = -10*n**2 + 244*n - 300. Determine j(24).
-204
Let b(l) = 75*l**3 - 2*l**2 + 40*l + 43. Calculate b(-1).
-74
Let p(b) = 3*b**2 - 9*b + 12. Give p(-3).
66
Let i(v) = v**3 - 11*v**2 + 51*v - 453. What is i(10)?
-43
Let b(i) = -i**3 - 13*i**2 + 2*i + 44. Calculate b(-13).
18
Let i(m) = -m**2 - 24*m - 116. Determine i(-8).
12
Let c(f) = -f**3 - 17*f**2 - 55*f - 6. Calculate c(-11).
-127
Let k(y) = -y**3 + 5*y**2 + 12*y + 97. Give k(8).
1
Let d(j) = 5*j**2 - j - 51. Calculate d(-5).
79
Let d(h) = -h**2 + 16*h + 94. What is d(-6)?
-38
Let q(c) = -c**3 - 38*c**2 + 77*c - 166. What is q(-40)?
-46
Let k(u) = -2*u**2 - 16*u + 42. What is k(-12)?
-54
Let p(y) = 5478*y - 49314. Determine p(9).
-12
Let y(a) = 44*a + 1688. Calculate y(-38).
16
Let f(w) = -2*w**2 - 37*w + 1257. What is f(-36)?
-3
Let t(c) = 3*c - 85. Calculate t(9).
-58
Let b(t) = t**3 - 5*t**2 - 16*t - 26. Calculate b(7).
-40
Let s(g) = -2*g**2 - 121*g - 189. Determine s(-59).
-12
Let j(p) = -5*p - 31. Calculate j(14).
-101
Let v(k) = k**3 + 62*k**2 - 16*k - 1002. Give v(-62).
-10
Let q(f) = 37*f + 2735. Calculate q(-74).
-3
Let y(s) = -132*s - 1454. Calculate y(-11).
-2
Let o(v) = -3*v**2 + 675*v - 8254. Determine o(212).
14
Let a(r) = r**2 + 360*r + 23372. Determine a(-85).
-3
Let k(f) = 12*f**2 + 84*f - 104. What is k(-8)?
-8
Let j(h) = 8*h**3 - 100*h**2 + 54*h - 30. Calculate j(12).
42
Let h(l) = -4*l**2 + 151*l - 273. What is h(2)?
13
Let n(i) = -i**3 + 8*i**2 + 16*i - 6. Give n(9).
57
Let n(d) = -d**2 - 295*d - 2310. Determine n(-8).
-14
Let c(i) = -5*i**2 + 18*i - 32. Give c(7).
-151
Let k(n) = 41*n - 504. Determine k(9).
-135
Let x(f) = -f**3 + 32*f**2 - 93*f - 38. What is x(29)?
-212
Let u(j) = -32*j - 796. What is u(-23)?
-60
Let x(w) = -9*w + 174. Calculate x(24).
-42
Let m(i) = -3*i**3 + 146*i**2 + 53*i - 104. Give m(49).
92
Let r(q) = q**2 - 81*q - 247. Determine r(-3).
5
Let z(i) = 11*i**2 - 57*i + 26. Determine z(5).
16
Let g(c) = 17*c - 349. Give g(23).
42
Let o(b) = b**3 + 26*b**2 - 22*b + 191. Give o(-27).
56
Let c(g) = -5*g**3 - 8*g**2 - 47*g + 17. Determine c(-5).
677
Let i(c) = 4970*c + 59645. Calculate i(-12).
5
Let m(c) = -7*c + 40. Give m(6).
-2
Let c(a) = 2*a**2 + 118*a + 820. What is c(-8)?
4
Let t(c) = -162*c - 963. Give t(-6).
9
Let y(v